NOAA Climate Reports

Select a Year or Month report

Report for 2018 Jan
                   Monthly Climatological Summary for Jan 2018

Name: Wetterstation Bebra-Gilfershausen   City: Bebra   State: Germany
Elevation: 250 m  Lat: N 50 59 02   Lon: E 009 49 37

                  Temperature (°C), Rain (mm), Wind Speed (km/h)

                                      Heat  Cool        Avg
    Mean                              Deg   Deg         Wind                 Dom
Day Temp  High   Time   Low    Time   Days  Days  Rain  Speed High   Time    Dir
----------------------------------------------------------------------------------
01   6,8  10,7   00:00   4,8   21:41  11,2   0,0  10,9   0,0   0,0   00:00     N
02   4,4   6,4   14:37   3,1   08:03  13,6   0,0   6,2   0,0   0,0   00:00     N
03   6,2   7,9   10:20   4,5   00:58  11,8   0,0  12,4   0,0   0,0   00:00     N
04   6,3   7,6   22:51   5,2   00:19  11,7   0,0   1,5   0,0   0,0   00:00     N
05   6,8   8,9   13:04   4,6   20:53  11,2   0,0   0,5   0,0   0,0   00:00     N
06   5,1   7,1   13:50   2,6   08:31  12,9   0,0   1,0   0,0   0,0   00:00     N
07   3,0   5,3   00:00   1,6   22:30  15,0   0,0   1,0   0,0   0,0   00:00     N
08   1,3   1,9   22:01   0,9   09:05  16,7   0,0   0,0   0,0   0,0   00:00     N
09   2,2   4,5   14:31  -0,1   20:37  15,8   0,0   0,0   0,0   0,0   00:00     N
10   3,0   8,2   13:44  -0,4   01:23  15,0   0,0   0,0   0,0   0,0   00:00     N
11   4,3   6,8   14:09   2,2   01:45  13,7   0,0   0,0   0,0   0,0   00:00     N
12   5,0   6,2   12:47   4,3   23:53  13,0   0,0   0,0   0,0   0,0   00:00     N
13   3,2   4,3   00:00   0,9   20:35  14,8   0,0   0,0   0,0   0,0   00:00     N
14   0,4   3,3   14:42  -3,2   23:54  17,6   0,0   0,0   0,0   0,0   00:00     N
15   0,8   4,2   17:28  -4,2   04:05  17,2   0,0   5,7   0,0   0,0   00:00     N
16   3,3   6,1   11:41   0,3   23:39  14,7   0,0   5,7   0,0   0,0   00:00     N
17   1,4   2,8   14:33   0,3   00:00  16,6   0,0   2,1   0,0   0,0   00:00     N
18   3,4   7,8   13:11   1,0   00:00  14,6   0,0   4,7   0,0   0,0   00:00     N
----------------------------------------------------------------------------------
     3,7  10,7     1    -4,2    15   257,1   0,0  51,7   0,0   0,0     0       E

Max >=  27,0  0
Max <=   0,0  0
Min <=   0,0  4
Min <= -18,0  0
Max Rain: 12,4 on day 3
Days of Rain: 7 (>= 2,0 mm)  7 (>= 2,0 mm)  7 (>= 2,0 mm)
Heat Base: 18,0  Cool Base: 29,0  Method: Integration